s divided by v?
4
Let b(y) = -4*y**3 + 3*y**2 + 2*y - 1. Calculate the remainder when b(-2) is divided by 12.
3
Let g = -25 + 42. Calculate the remainder when g is divided by 4.
1
Let g = 5 - 1. Suppose 0 = -2*w + 5*v + 33, 3*v + g = -4*w + 5. Suppose w*d - 51 = -3*l, 3*d - 4 = 5*l - 2. Calculate the remainder when 17 is divided by d.
8
Let b(w) = w**2 - 34. Let a be b(0). Let m = 68 + a. Suppose r = 3*r + 4*g - 24, -5*g = 2*r - 24. What is the remainder when m is divided by r?
10
Let d = -5 + 9. Suppose 0 = -d*t + 203 + 137. What is the remainder when t is divided by 22?
19
Suppose 0 = -2*h - 14 + 64. What is the remainder when 72 is divided by h?
22
Let h(r) = -2*r**3 - 7*r**2 - 16*r + 1. Let i(j) = j**3 + 4*j**2 + 8*j. Let o(a) = -2*h(a) - 5*i(a). Calculate the remainder when o(-6) is divided by 12.
10
Let n(z) = z**3 + 12*z**2 - 6*z - 8. What is the remainder when n(-12) is divided by 22?
20
Let k(u) be the second derivative of 1/6*u**3 + 0 + 1/2*u**2 - u + 5/12*u**4. What is the remainder when k(2) is divided by 8?
7
Suppose 4*d - 9 = n, 3*d - 4*d = -n + 3. What is the remainder when 46 is divided by n?
4
Let d(l) = l**2 + 2*l + 63. What is the remainder when d(0) is divided by 14?
7
Suppose -40 = -h - h. Calculate the remainder when 78 is divided by h.
18
Let i(f) = -f**3 + 8*f**2 - f - 8. Suppose t = 20 + 40. Suppose -u + t = 4*u. Calculate the remainder when i(7) is divided by u.
10
Let w(r) be the second derivative of -r**5/20 + 7*r**4/12 + r**3/6 - 5*r**2 - 2*r. Let i be w(7). What is the remainder when ((-8)/5)/(i/15) is divided by 5?
3
Suppose k = -4*k. Suppose -2*a - 3*v + 101 = k, -v + 8 = 3. What is the remainder when a is divided by 15?
13
Suppose 4*o - 2 - 6 = 0. Let a(f) = -1 + 13*f - 13*f + 9*f**o. Calculate the remainder when 22 is divided by a(-1).
6
Let c(p) = 3*p**3 - p**2 - 8*p + 5. What is the remainder when 158 is divided by c(3)?
52
Suppose 4*p - 10 = -p. Suppose 6*i - p*i = 12. Suppose 5*z - 2*c + i*c = 31, -2*z + 13 = c. Calculate the remainder when 11 is divided by z.
5
Let z = -20 + 35. Calculate the remainder when (-3)/15 - (-183)/z is divided by 5.
2
Suppose -l = l + 8, -u + 4 = 3*l. What is the remainder when -1 + 0 + (-87)/(-3) is divided by (20/u)/((-1)/(-12))?
13
Suppose -2*x - 3 + 11 = 0. Let h = x - 5. Let a(z) = -17*z**3 - z**2 + 1. What is the remainder when 33 is divided by a(h)?
16
Suppose -58 - 62 = -5*v. Calculate the remainder when 3 + (-3528)/(-52) - (-2)/13 is divided by v.
23
Let u(z) = -z + 14. What is the remainder when 8 is divided by u(11)?
2
Suppose -11 = -9*q + 8*q + 2*h, 0 = q + h - 11. What is the remainder when q is divided by 8?
3
Let c(v) = -15*v + 3*v**2 - v**3 + 4*v**2 + 8 + 9*v. What is the remainder when 14 is divided by c(6)?
6
Let d be 1/3 + 275/3. Suppose 3*f - f = d. Let o = -31 + 47. What is the remainder when f is divided by o?
14
Let n(z) = z**3 + 4*z**2 - 4*z + 3. What is the remainder when 91 is divided by n(-4)?
15
Let m(g) = -3*g**2 - 23*g - 6. Calculate the remainder when 166 is divided by m(-6).
22
Let o(b) = b - 1 + 6*b**2 - 2 - b**3 + 8. What is the remainder when 31 is divided by o(6)?
9
Let x(c) = -c**3 - 2*c**2 - 3*c - 2. What is the remainder when x(-2) is divided by 3?
1
Suppose 47 = 2*x - 3*p, x + 36 = 2*x - 4*p. Suppose 4 = 4*w - 16. Suppose 58 - 288 = -w*a. Calculate the remainder when a is divided by x.
14
Calculate the remainder when (-8)/(-28) + 1275/21 is divided by 16.
13
Calculate the remainder when (-3)/(-30)*2 + (-3970)/(-25) is divided by 32.
31
Let t be (-2 - 0)/((-6)/9). Suppose 0 = -t*k - 28 + 76. Calculate the remainder when 31 is divided by k.
15
Suppose 4 = 3*y - 2*b - 9, 0 = -b + 4. Calculate the remainder when y is divided by 2.
1
Let s = -6 - -8. Suppose s*j = -2*j - 20. What is the remainder when 10 is divided by 1 + 0 - j/1?
4
Suppose 3*y + 3*b = -9, y - 5 = 5*y - 3*b. Let p = y - -9. Suppose 0*v - v = -p. What is the remainder when v is divided by 4?
3
Suppose -4*b + 2*d + 17 = 5*d, 0 = 5*b - 3*d - 55. Let l(j) = 5*j - 8. Calculate the remainder when 62 is divided by l(b).
30
Suppose 0*o - 5*o = -25. What is the remainder when 15 is divided by o?
0
Let y = 106 - 77. Calculate the remainder when y is divided by 15.
14
Suppose -30 - 6 = -3*d. Suppose -38 - d = -5*l. What is the remainder when l is divided by 2/8*-6*-4?
4
What is the remainder when -1 - (-27)/(-18)*102/(-1) is divided by 5?
2
Suppose -3*d + 12 = 5*o - 1, -4*o + 9 = d. What is the remainder when 26/8 + o/(-8) is divided by 2?
1
Let r(m) = -m + 17. Let v = 39 + -34. What is the remainder when r(0) is divided by v?
2
What is the remainder when (-2)/(-8) + 2431/52 is divided by 24?
23
Let i = -22 - -33. Suppose -99 + 2 = -h. Let r = -66 + h. Calculate the remainder when r is divided by i.
9
Let m(p) = 5*p**2 + 2*p + 1. Let n be m(-1). Suppose -7 - 141 = -n*b. What is the remainder when b is divided by 10?
7
Suppose -2*t - 2*k + 616 = 0, -262 = 5*t - k - 1826. Calculate the remainder when t is divided by 45.
42
Let f(i) = -i**3 - 13*i**2 - 14*i - 13. Suppose -l - 4*v + 143 = 4*l, -v - 3 = 0. What is the remainder when l is divided by f(-12)?
9
Let z(l) = 7*l**2 - 2*l. Suppose 3*o - 4*o + 11 = 0. Calculate the remainder when z(-2) is divided by o.
10
Suppose -8 = -3*x + 1, 2*n + x = -35. Let g = n - -35. Suppose 18*q = 7*q + 671. Calculate the remainder when q is divided by g.
13
Let k(p) = 14*p - 85. Let u = 87 - 49. What is the remainder when u is divided by k(7)?
12
Let q = -2 - -6. Let n(p) = -p + 9. What is the remainder when 7 is divided by n(q)?
2
Let v(l) = 3*l**2 - 3*l - 3. Calculate the remainder when 42 is divided by v(-2).
12
Let t = -6 - -6. Suppose t*w = -4*w + 60. What is the remainder when 43 is divided by w?
13
Suppose 3*q - 5*q - 4*j + 28 = 0, 3*q - 30 = -3*j. Let t = q - 3. Calculate the remainder when 4 is divided by t.
1
Suppose 0 = h - 1 - 3. What is the remainder when 42 is divided by (2 - -1)*(h + 1)?
12
Suppose c - 99 = -2*c. Calculate the remainder when c is divided by 18.
15
Let f = 39 + 18. What is the remainder when f is divided by 20?
17
Let f = -12 + 7. Let t = 10 + f. Calculate the remainder when t is divided by 3.
2
Let z(q) = -2*q + 5. Let w(k) = k + 10. Let f be w(-5). Suppose 0 = -0*u - f*u + 3*r - 29, 15 = 5*r. Calculate the remainder when z(u) is divided by 7.
6
Suppose -3*k + 2*k = -11. Let j = 23 - k. Calculate the remainder when 23 is divided by j.
11
Suppose 5*b + 3*l = 9 + 37, 3*b + 4*l - 32 = 0. What is the remainder when 9 is divided by b?
1
Suppose -4*y = 8, 11 = -p + 5*y + 59. Calculate the remainder when p is divided by 13.
12
Let v = -40 - -57. What is the remainder when v is divided by 7?
3
Let n(o) = o**3 + 8*o**2 - 6*o - 8. Calculate the remainder when 154 is divided by n(-8).
34
Let u = -9 - -27. Suppose 0 = -k + 3*k - u. Calculate the remainder when 17 is divided by k.
8
Let l = 3 - 8. Let m = 5 + l. Suppose 5*f + 4*r = 31, 1 = -r - m*r. Calculate the remainder when f is divided by 3.
1
Let v be (-5)/((-3)/((-9)/(-3))). Suppose s - 6*s = v*d - 175, 0 = 4*s - 5*d - 113. What is the remainder when s is divided by 17?
15
Suppose 7*n - 70 = 2*n. What is the remainder when ((-30)/3)/((-2)/5) is divided by n?
11
Suppose 0 = -8*b + 3*b. Let n be 0 - (b - (4 - 2)). Suppose -n*k = -3*x - 60, 99 = 5*k - 2*x - 51. What is the remainder when k is divided by 16?
14
Let c be (-681)/(-6) + (-3)/(-6). What is the remainder when 52 is divided by 1/(c/28 - 4)?
10
Let u(v) be the first derivative of -3*v**2/2 + v + 2. Let g(d) = 3*d - 12. Calculate the remainder when g(10) is divided by u(-3).
8
Suppose 3*h = z + 10, 0 = -4*z - 5*h + 39 + 6. Calculate the remainder when 10 is divided by z.
0
Let i = -55 + 72. Calculate the remainder when 79 is divided by i.
11
Suppose -v = -w - 4, -v = -4*w + 2 - 0. Calculate the remainder when 46 is divided by v.
4
Let j be 34/5 + (-4)/(-20). Suppose -4*d = -j*d + 87. What is the remainder when d is divided by 8?
5
Suppose 12 = -r + 4*r. Let c = -15 + 18. Suppose 5*g - 30 = 5*x - 10*x, 4*x = c*g + 52. What is the remainder when x is divided by r?
2
Suppose -3*y = -5*y + 4. Suppose 2*h = 40 - y. Suppose -5*r + 188 = 3*t, 3*r + 2*t + 2*t = 115. Calculate the remainder when r is divided by h.
18
Suppose -4*y 